{"id":517,"date":"2025-07-18T11:32:58","date_gmt":"2025-07-18T09:32:58","guid":{"rendered":"https:\/\/ateliersevigne.fr\/?page_id=517"},"modified":"2025-07-18T11:37:52","modified_gmt":"2025-07-18T09:37:52","slug":"mentions-legales","status":"publish","type":"page","link":"https:\/\/ateliersevigne.fr\/?page_id=517","title":{"rendered":"Mentions l\u00e9gales"},"content":{"rendered":"\t\t<div data-elementor-type=\"wp-page\" data-elementor-id=\"517\" class=\"elementor elementor-517\" data-elementor-post-type=\"page\">\n\t\t\t\t<div class=\"elementor-element elementor-element-3c4b8e8 e-flex e-con-boxed wpr-particle-no wpr-jarallax-no wpr-parallax-no wpr-sticky-section-no e-con e-parent\" data-id=\"3c4b8e8\" data-element_type=\"container\">\n\t\t\t\t\t<div class=\"e-con-inner\">\n\t\t\t\t<div class=\"elementor-element elementor-element-cb601a3 elementor-widget elementor-widget-text-editor\" data-id=\"cb601a3\" data-element_type=\"widget\" data-widget_type=\"text-editor.default\">\n\t\t\t\t<div class=\"elementor-widget-container\">\n\t\t\t\t\t\t\t\t\t<p data-start=\"282\" data-end=\"554\"><strong data-start=\"282\" data-end=\"554\">Conform\u00e9ment aux dispositions des articles 6-III et 19 de la Loi n\u00b02004-575 du 21 juin 2004 pour la Confiance dans l&#8217;\u00c9conomie Num\u00e9rique, dite L.C.E.N., il est port\u00e9 \u00e0 la connaissance des utilisateurs et visiteurs du site [nomdusite.com] les pr\u00e9sentes mentions l\u00e9gales.<\/strong><\/p><h3 data-start=\"556\" data-end=\"578\">1. \u00c9diteur du site<\/h3><p data-start=\"580\" data-end=\"958\">Nom : Camille LAROCHE<br data-start=\"598\" data-end=\"601\" \/>Statut : Micro-entreprise<br data-start=\"652\" data-end=\"655\" \/>Adresse : 10 rue de Paris 78100 Saint Germain en Laye<\/p><p data-start=\"580\" data-end=\"958\">Email : camille@ateliersevigne.fr<\/p><hr data-start=\"960\" data-end=\"963\" \/><h3 data-start=\"965\" data-end=\"981\">2. H\u00e9bergeur<\/h3><p data-start=\"983\" data-end=\"1239\">Nom : OVH\u00a0<br data-start=\"1089\" data-end=\"1092\" \/>Adresse : 2 rue Kellermann &#8211; 59100 Roubaix &#8211; France<br data-start=\"1186\" data-end=\"1189\" \/>Site internet : https:\/\/www.ovhcloud.com\/fr\/<\/p><hr data-start=\"1241\" data-end=\"1244\" \/><h3 data-start=\"1246\" data-end=\"1277\">3. Propri\u00e9t\u00e9 intellectuelle<\/h3><p data-start=\"1279\" data-end=\"1656\">L\u2019ensemble du site (textes, images, graphismes, logo, ic\u00f4nes, vid\u00e9os, sons, logiciels\u2026) est la propri\u00e9t\u00e9 exclusive de Camille LAROCHE sauf mention contraire.<br data-start=\"1449\" data-end=\"1452\" \/>Toute reproduction, repr\u00e9sentation, modification, publication, adaptation totale ou partielle, quel que soit le moyen ou le proc\u00e9d\u00e9 utilis\u00e9, est interdite sans l&#8217;autorisation \u00e9crite pr\u00e9alable de l\u2019auteur.<\/p><hr data-start=\"1658\" data-end=\"1661\" \/><h3 data-start=\"1663\" data-end=\"1684\">4. Responsabilit\u00e9<\/h3><p data-start=\"1686\" data-end=\"1969\">Camille LAROCHE s\u2019efforce de fournir des informations aussi pr\u00e9cises que possible. Toutefois, elle ne pourra \u00eatre tenue responsable des omissions, inexactitudes ou carences dans la mise \u00e0 jour.<br data-start=\"1876\" data-end=\"1879\" \/>L&#8217;utilisateur est seul responsable de l&#8217;utilisation des informations fournies sur le site.<\/p><hr data-start=\"1971\" data-end=\"1974\" \/><h3 data-start=\"1976\" data-end=\"2003\">5. Donn\u00e9es personnelles<\/h3><p data-start=\"2005\" data-end=\"2314\">Conform\u00e9ment au R\u00e8glement G\u00e9n\u00e9ral sur la Protection des Donn\u00e9es (RGPD), l\u2019utilisateur dispose d\u2019un droit d\u2019acc\u00e8s, de rectification et de suppression des donn\u00e9es le concernant.<br data-start=\"2180\" data-end=\"2183\" \/>Pour exercer ce droit, il peut envoyer un mail \u00e0 camille@ateliersevigne.fr<br data-start=\"2251\" data-end=\"2254\" \/>Aucune donn\u00e9e personnelle n\u2019est vendue ou c\u00e9d\u00e9e \u00e0 des tiers.<\/p><hr data-start=\"2316\" data-end=\"2319\" \/><h3 data-start=\"2321\" data-end=\"2335\">6. Cookies<\/h3><p data-start=\"2337\" data-end=\"2618\">Le site ateliersevigne.fr peut utiliser des cookies pour am\u00e9liorer l\u2019exp\u00e9rience utilisateur et collecter des donn\u00e9es anonymes de fr\u00e9quentation via des outils comme Google Analytics.<br data-start=\"2516\" data-end=\"2519\" \/>L\u2019utilisateur peut refuser l\u2019utilisation des cookies en modifiant les param\u00e8tres de son navigateur.<\/p>\t\t\t\t\t\t\t\t<\/div>\n\t\t\t\t<\/div>\n\t\t\t\t\t<\/div>\n\t\t\t\t<\/div>\n\t\t\t\t<\/div>\n\t\t","protected":false},"excerpt":{"rendered":"<p>Conform\u00e9ment aux dispositions des articles 6-III et 19 de la Loi n\u00b02004-575 du 21 juin 2004 pour la Confiance dans l&#8217;\u00c9conomie Num\u00e9rique, dite L.C.E.N., il est port\u00e9 \u00e0 la connaissance des utilisateurs et visiteurs du site [nomdusite.com] les pr\u00e9sentes mentions l\u00e9gales. 1. \u00c9diteur du site Nom : Camille LAROCHEStatut : Micro-entrepriseAdresse : 10 rue de Paris 78100 Saint Germain en Laye Email : camille@ateliersevigne.fr 2. H\u00e9bergeur Nom : OVH\u00a0Adresse : 2 rue Kellermann &#8211; 59100 Roubaix &#8211; FranceSite internet : https:\/\/www.ovhcloud.com\/fr\/ 3. Propri\u00e9t\u00e9 intellectuelle L\u2019ensemble du site (textes, images, graphismes, logo, ic\u00f4nes, vid\u00e9os, sons, logiciels\u2026) est la propri\u00e9t\u00e9 exclusive de Camille LAROCHE sauf mention contraire.Toute reproduction, repr\u00e9sentation, modification, publication, adaptation totale ou partielle, quel que soit le moyen ou le proc\u00e9d\u00e9 utilis\u00e9, est interdite sans l&#8217;autorisation \u00e9crite pr\u00e9alable de l\u2019auteur. 4. Responsabilit\u00e9 Camille LAROCHE s\u2019efforce de fournir des informations aussi pr\u00e9cises que possible. Toutefois, elle ne pourra \u00eatre tenue responsable des omissions, inexactitudes ou carences dans la mise \u00e0 jour.L&#8217;utilisateur est seul responsable de l&#8217;utilisation des informations fournies sur le site. 5. Donn\u00e9es personnelles Conform\u00e9ment au R\u00e8glement G\u00e9n\u00e9ral sur la Protection des Donn\u00e9es (RGPD), l\u2019utilisateur dispose d\u2019un droit d\u2019acc\u00e8s, de rectification et de suppression des donn\u00e9es le concernant.Pour exercer ce droit, il peut envoyer un mail \u00e0 camille@ateliersevigne.frAucune donn\u00e9e personnelle n\u2019est vendue ou c\u00e9d\u00e9e \u00e0 des tiers. 6. Cookies Le site ateliersevigne.fr peut utiliser des cookies pour am\u00e9liorer l\u2019exp\u00e9rience utilisateur et collecter des donn\u00e9es anonymes de fr\u00e9quentation via des outils comme Google Analytics.L\u2019utilisateur peut refuser l\u2019utilisation des cookies en modifiant les param\u00e8tres de son navigateur.<\/p>\n","protected":false},"author":1,"featured_media":0,"parent":0,"menu_order":0,"comment_status":"closed","ping_status":"closed","template":"","meta":{"footnotes":""},"class_list":["post-517","page","type-page","status-publish","hentry"],"_links":{"self":[{"href":"https:\/\/ateliersevigne.fr\/index.php?rest_route=\/wp\/v2\/pages\/517","targetHints":{"allow":["GET"]}}],"collection":[{"href":"https:\/\/ateliersevigne.fr\/index.php?rest_route=\/wp\/v2\/pages"}],"about":[{"href":"https:\/\/ateliersevigne.fr\/index.php?rest_route=\/wp\/v2\/types\/page"}],"author":[{"embeddable":true,"href":"https:\/\/ateliersevigne.fr\/index.php?rest_route=\/wp\/v2\/users\/1"}],"replies":[{"embeddable":true,"href":"https:\/\/ateliersevigne.fr\/index.php?rest_route=%2Fwp%2Fv2%2Fcomments&post=517"}],"version-history":[{"count":7,"href":"https:\/\/ateliersevigne.fr\/index.php?rest_route=\/wp\/v2\/pages\/517\/revisions"}],"predecessor-version":[{"id":524,"href":"https:\/\/ateliersevigne.fr\/index.php?rest_route=\/wp\/v2\/pages\/517\/revisions\/524"}],"wp:attachment":[{"href":"https:\/\/ateliersevigne.fr\/index.php?rest_route=%2Fwp%2Fv2%2Fmedia&parent=517"}],"curies":[{"name":"wp","href":"https:\/\/api.w.org\/{rel}","templated":true}]}}